ase 2) in base 9?
-36
-121 (base 4) to base 6
-41
What is -12000 (base 3) in base 15?
-90
4 (base 14) to base 2
100
What is 3 (base 14) in base 11?
3
-22 (base 5) to base 9
-13
What is -3 (base 7) in base 2?
-11
-2 (base 6) to base 14
-2
What is 10 (base 5) in base 3?
12
2a (base 13) to base 3
1100
What is -13 (base 4) in base 9?
-7
What is 51 (base 13) in base 12?
56
Convert -18 (base 10) to base 12.
-16
90 (base 13) to base 9
140
-7c (base 16) to base 14
-8c
What is 3 (base 16) in base 4?
3
What is 311 (base 6) in base 10?
115
What is 34 (base 13) in base 4?
223
What is 21 (base 10) in base 2?
10101
-4 (base 11) to base 15
-4
Convert -1 (base 13) to base 7.
-1
What is 83 (base 11) in base 10?
91
What is -100 (base 2) in base 5?
-4
What is -3 (base 4) in base 13?
-3
3 (base 15) to base 14
3
3a (base 12) to base 10
46
What is 265 (base 8) in base 6?
501
Convert 2 (base 14) to base 11.
2
Convert 112 (base 3) to base 10.
14
Convert 4 (base 6) to base 9.
4
-11 (base 10) to base 8
-13
What is -5 (base 9) in base 6?
-5
Convert 21 (base 13) to base 5.
102
Convert 2 (base 16) to base 13.
2
What is 2 (base 15) in base 3?
2
Convert 53 (base 13) to base 3.
2112
What is 16 (base 8) in base 13?
11
-2 (base 9) to base 2
-10
-101 (base 4) to base 3
-122
0 (base 7) to base 2
0
Convert -15 (base 9) to base 10.
-14
210 (base 6) to base 15
53
Convert -66 (base 12) to base 10.
-78
What is -24 (base 6) in base 2?
-10000
Convert 16 (base 15) to base 11.
1a
Convert 302 (base 10) to base 4.
10232
Convert 29 (base 13) to base 7.
50
Convert 10122 (base 3) to base 2.
1100010
227 (base 9) to base 4
2323
Convert 6 (base 11) to base 13.
6
6 (base 16) to base 3
20
8 (base 16) to base 13
8
Convert b (base 13) to base 5.
21
5d (base 15) to base 3
10021
0 (base 5) to base 6
0
Convert -20 (base 4) to base 7.
-11
What is 8 (base 11) in base 8?
10
3 (base 10) to base 2
11
What is 0 (base 3) in base 13?
0
-1110 (base 2) to base 14
-10
-8 (base 15) to base 2
-1000
What is 2 (base 16) in base 15?
2
-aa (base 12) to base 7
-244
What is 76 (base 8) in base 10?
62
35 (base 12) to base 11
38
What is 322 (base 6) in base 3?
11112
4 (base 5) to base 2
100
Convert -14 (base 8) to base 10.
-12
What is 0 (base 12) in base 16?
0
-2 (base 15) to base 5
-2
11 (base 4) to base 2
101
Convert 3 (base 13) to base 6.
3
111011 (base 2) to base 8
73
What is -10111101 (base 2) in base 11?
-162
What is 48 (base 15) in base 10?
68
What is -a (base 15) in base 2?
-1010
-232 (base 9) to base 5
-1231
16 (base 9) to base 10
15
Convert -29 (base 12) to base 16.
-21
Convert 1b (base 14) to base 6.
41
Convert 2 (base 14) to base 9.
2
-5 (base 11) to base 2
-101
-12 (base 15) to base 3
-122
What is -10 (base 3) in base 7?
-3
Convert 1034 (base 6) to base 3.
22211
Convert 9 (base 16) to base 5.
14
-183 (base 15) to base 3
-110220
Convert -40 (base 13) to base 9.
-57
Convert 8 (base 11) to base 9.
8
Convert -7 (base 13) to base 2.
-111
21 (base 3) to base 6
11
What is 118 (base 13) in base 12?
13a
What is -84 (base 10) in base 11?
-77
What is -3 (base 11) in base 16?
-3
Convert 1001000 (base 2) to base 9.
80
Convert 28 (base 9) to base 7.
35
-136 (base 9) to base 4
-1302
Convert 143 (base 5) to base 4.
300
What is 19 (base 15) in base 2?
11000
-136 (base 15) to base 5
-2101
-13 (base 16) to base 5
-34
Convert 1021 (base 3) to base 15.
24
Convert -164 (base 7) to base 8.
-137
100100000 (base 2) to base 3
101200
-3 (base 5) to base 14
-3
What is -14 (base 13) in base 10?
-17
11 (base 2) to base 8
3
What is 11111 (base 2) in base 10?
31
11 (base 9) to base 2
1010
Convert -23 (base 7) to base 8.
-21
Convert -4 (base 5) to base 14.
-4
What is a (base 11) in base 12?
a
What is -21 (base 4) in base 15?
-9
Convert -10021 (base 3) to base 16.
-58
2 (base 16) to base 3
2
What is -b (base 13) in base 6?
-15
11 (base 4) to base 2
101
-18 (base 11) to base 2
-10011
203 (base 8) to base 12
ab
What is -16 (base 7) in base 13?
-10
-10 (base 7) to base 16
-7
Convert 67 (base 10) to base 14.
4b
Convert -100 (base 2) to base 12.
-4
10 (base 2) to base 4
2
What is 5 (base 15) in base 16?
5
What is 1 (base 10) in base 7?
1
Convert 41 (base 10) to base 6.
105
Convert 1 (base 7) to base 16.
1
-5 (base 6) to base 4
-11
What is 205 (base 6) in base 12?
65
-11 (base 5) to base 7
-6
4 (base 9) to base 10
4
Convert 10 (base 9) to base 3.
100
Convert 7 (base 16) to base 4.
13
-7 (base 13) to base 7
-10
What is 4 (base 10) in base 13?
4
What is 126 (base 8) in base 11?
79
23 (base 11) to base 7
34
Convert -5 (base 16) to base 13.
-5
Convert 5 (base 7) to base 8.
5
Convert -12121 (base 3) to base 7.
-304
What is -179 (base 11) in base 16?
-cf
Convert 10111 (base 2) to base 6.
35
What is 72 (base 14) in base 16?
64
What is 221 (base 5) in base 8?
75
-12011 (base 4) to base 11
-324
What is -102 (base 4) in base 9?
-20
-4 (base 10) to base 2
-100
What is 0 (base 4) in base 14?
0
Convert 12 (base 4) to base 16.
6
Convert -2124 (base 5) to base 8.
-441
Convert 33 (base 6) to base 2.
10101
-3 (base 11) to base 10
-3
What is -21122 (base 3) in base 16?
-ce
Convert 2 (base 11) to base 2.
10
-128 (base 16) to base 3
-101222
Convert -9f (base 16) to base 3.
-12220
-8 (base 11) to base 9
-8
84 (base 16) to base 10
132
What is -6 (base 11) in base 6?
-10
What is 3 (base 14) in base 4?
3
What is -2 (base 6) in base 4?
-2
Convert -33 (base 4) to base 12.
-13
Convert 185 (base 11) to base 12.
15a
-30 (base 5) to base 2
-1111
-2 (base 6) to base 10
-2
What is 24 (base 14) in base 9?
35
Convert -10 (base 15) to base 4.
-33
Convert 262 (base 7) to base 9.
167
Convert 324 (base 5) to base 16.
59
-111 (base 2) to base 11
-7
What is 1 (base 3) in base 2?
1
Convert 9e (base 15) to base 12.
105
What is -10 (base 2) in base 3?
-2
What is -12103 (base 4) in base 14?
-20b
-3 (base 16) to base 2
-11
-164 (base 8) to base 14
-84
What is -202 (base 3) in base 9?
-22
-2 (base 3) to base 14
-2
What is 240 (base 6) in base 14?
6c
What is 2 (base 7) in base 14?
2
-18 (base 14) to base 13
-19
What is 11 (base 4) in base 9?
5
Convert -10 (base 11) to base 5.
-21
Convert -101 (base 13) to base 2.
-10101010
What is -1 (base 12) in base 13?
-1
What is 26 (base 13) in base 11?
2a
What is -17 (base 8) in base 11?
-14
What is -110 (base 2) in base 8?
-6
5 (base 9) to base 15
5
Convert 20002 (base 3) to base 6.
432
What is 39 (base 13) in base 4?
300
Convert 2 (base 13) to base 8.
2
Convert 15 (base 13) to base 3.
200
Convert -4 (base 16) to base 13.
-4
5 (base 9) to base 13
5
What is 103 (base 5) in base 2?
11100
What is -23 (base 12) in base 14?
-1d
-22 (base 15) to base 5
-112
-353 (base 6) to base 5
-1031
220 (base 3) to base 5
44
-4 (base 14) to base 15
-4
3b (base 14) to base 16
35
Convert -2 (base 11) to base 15.
-2
What is 0 (base 6) in base 2?
0
What is 1303 (base 6) in base 2?
101000111
What is 26 (base 12) in base 7?
42
What is -3 (base 16) in base 8?
-3
0 (base 8) to base 7
0
What is -67 (base 10) in base 15?
-47
What is 3a (base 13) in base 2?
110001
What is 24 (base 7) in base 15?
13
Convert -1441 (base 5) to base 13.
-15c
What is 6 (base 16) in base 3?
20
-8c (base 13) to base 6
-312
-7 (base 8) to base 15
-7
33 (base 12) to base 3
1110
111101 (base 2) to base 9
67
-330 (base 8) to base 6
-1000
What is 3 (base 11) in base 2?
11
-2 (base 15) to base 14
-2
Convert -10 (base 5) to base 4.
-11
Convert -8 (base 13) to base 10.
-8
16 (base 16) to base 7
31
Convert -102 (base 5) to base 10.
-27
Convert 52 (base 14) to base 15.
4c
What is 113 (base 5) in base 15?
23
Convert -4e (base 16) to base 6.
-210
What is -1a (base 13) in base 15?
-18
Convert -10 (base 5) to base 2.
-101
Convert 1 (base 4) to base 15.
1
Convert 2 (base 9) to base 13.
2
-21 (base 5) to base 13
-b
-2 (base 16) to base 11
-2
8b (base 12) to base 6
255
Convert 30 (base 8) to base 11.
22
150 (base 10) to base 3
12120
Convert -14 (base 10) to base 7.
-20
Convert -1 (base 9) to base 15.
-1
What is -a1 (base 13) in base 8?
-203
-3 (base 15) to base 10
-3
Convert 13 (base 6) to base 7.
12
Convert -3 (base 8) to base 4.
-3
Convert 10 (base 6) to base 8.
6
3 (base 13) to base 11
3
Convert 28 (base 10) to base 8.
34
-1a5 (base 14) to base 6
-1325
229 (base 13) to base 16
175
-33 (base 9) to base 14
-22
Convert -